tors of c.
3, 5
Suppose 4*u = c - 4, -3*c = -c - 5*u - 5. Suppose -5 + c = 5*r. List the prime factors of 12/(-9)*r*9.
2, 3
Let q be (-2 - -3) + 0 - 34. What are the prime factors of q/(2/((-8)/6))?
2, 11
List the prime factors of (17 - 12)*121/5.
11
Let y = -24 - -42. Suppose 3*o + 6 = -0, w = -5*o + y. List the prime factors of w.
2, 7
Suppose -3*o + 12 = o. Suppose -24 = -m - o*l, l = -m + 3*l + 49. List the prime factors of m.
3, 13
Suppose 4*g = -4*v + 35 - 11, 4*g - 5*v = -12. Suppose k - 28 = 5*h, g*h = -k + 5*h + 28. What are the prime factors of (-4)/14 - (-344)/k?
2, 3
Let y be (12/8)/((-1)/(-6)). Let g be -1 - 48/(y/(-3)). Suppose -s - 10 = -o, -4*o = -2*s - 31 - g. List the prime factors of o.
13
Suppose -7 + 4 = 3*n. What are the prime factors of (-13 - n)/(-4 - -3)?
2, 3
Let v = 9 - 27. Let y = 28 + v. List the prime factors of y.
2, 5
Let l(d) = -d**3 - 3*d**2 + 6*d - 4. Let q be l(-5). Suppose -2*t + 3*t - q = 0. What are the prime factors of t?
2
List the prime factors of (-1)/(35/14) - 822/(-5).
2, 41
Suppose 0 = -2*u + u + 6. Let w = 12 - u. Suppose 4*d = -w + 38. What are the prime factors of d?
2
Suppose 0 = 2*f - f + 7. Let j be (-2)/f + 144/(-14). List the prime factors of 114/10 + 4/j.
11
Suppose -12 = -2*m - 0*m. Let d be (-2)/m + 20/6. What are the prime factors of -1*1/1 + d?
2
Suppose -3*b = b + z - 15, z = -2*b + 9. List the prime factors of (-3 + 2 - -12) + b.
2, 7
Suppose 3*p + p - 208 = 0. List the prime factors of p.
2, 13
Let r be (-7)/(3 - 2) - -2. Let o = -2 - r. List the prime factors of o.
3
Suppose -2 = -3*o + 2*o. Suppose -6*l + 4*l = 8, d - 11 = o*l. List the prime factors of d.
3
Let t(v) = 7*v - 2 - 9 - 5*v + 0*v. List the prime factors of t(17).
23
Suppose -82 = -4*v - 2*n + 280, 4*v = n + 353. List the prime factors of v.
89
Let l be (-185)/(-10) + (-1)/2. Suppose n + l = y, -2*n + n = 4*y - 67. What are the prime factors of y?
17
Suppose p + 2*n - 79 = 0, 2*p + 5*n + 350 = 7*p. List the prime factors of p.
73
Let n be (-4)/(-2) + (3 - 0). Suppose 62 = n*h - c, -c + 45 = 4*h - 1. What are the prime factors of h?
2, 3
Let w = -4 + 12. Let d = 10 - w. List the prime factors of d.
2
Suppose -11*t = -12*t + 15. What are the prime factors of t?
3, 5
Let d(j) = j**3 - 2*j**2 - 6 + 3*j - 4*j**2 + 3*j. Let i be d(6). List the prime factors of (-3)/(i/(-8))*10.
2
Let y = -55 + 35. Let x = -5 - y. What are the prime factors of x?
3, 5
Let m = 4 - 4. Suppose -5*y + 0*y + 14 = -2*i, m = -4*y - 2*i + 4. What are the prime factors of y?
2
Let d(j) = j - 1. Let s = 6 + -1. Let z be d(s). Suppose g = 7 + z. What are the prime factors of g?
11
Let z = 20 - 14. Suppose s - 5 = z. Suppose -s = -4*p + 33. What are the prime factors of p?
11
Let p(u) = -u + 8. Let q be (-12)/(-7)*(-14)/(-4). List the prime factors of p(q).
2
Suppose -5*p + 14 = -2*p - m, -4*p + 2*m + 22 = 0. Let i(c) = 2*c + c**p + 5*c**2 + 9 + 3*c - 3. List the prime factors of i(-4).
2
Suppose 5 = -r, -y + 2*r = -3*y - 32. Let x(v) = v**3 + 11*v**2 - 2*v + 5. List the prime factors of x(y).
3
Suppose 5*q - 173 = 82. Let b be 2/(-1) + (3 - -1). Suppose 2*y - b*a = 5*y - q, a - 78 = -5*y. List the prime factors of y.
3, 5
Let t(j) = -4*j**2 - 6*j + 6. Let l(g) = -3*g**2 - 6*g + 6. Let v(s) = -3*l(s) + 2*t(s). What are the prime factors of v(-8)?
2, 5
Let f be (-30)/(-4) + 2/4. Let u(x) = -x**2 + 8*x - 11. Let g be u(f). What are the prime factors of -3 + 1 - (g + 0)?
3
Let r be ((-9)/18)/(2/(-8)). Suppose r*m = 2*a + 40 + 12, 3*m = 5*a + 80. What are the prime factors of m?
5
Let y(v) = v. Let t(w) = 15*w + 9. Let h(n) = t(n) - 18*y(n). What are the prime factors of h(-4)?
3, 7
Let u = -32 - -52. What are the prime factors of u?
2, 5
Let s be (2/(-5))/(9/(-45)). Let q be (0 - s)/(8/(-76)). Suppose 2*x - 3*h - q = 0, 2*h = -3*x - 3*h + 19. List the prime factors of x.
2
Let a(b) = 2*b**2 + 4*b - 1. Let m be a(-3). What are the prime factors of m*-3*(-3)/9?
5
Suppose -3*y + 5*d = -0*y + 21, -y = -4*d + 14. List the prime factors of (y/(-8))/(8/352).
11
Suppose -2*s + 17 + 37 = 0. List the prime factors of s.
3
Let d be 7 + -1 + 1/1. Let q be -1 - d/(14/(-4)). Suppose q - 6 = -v. List the prime factors of v.
5
Suppose -2*f = -7*f. Suppose -154 = -f*z - z. List the prime factors of z/8 - (-15)/20.
2, 5
Let w be -2 + 1 + 0 - 0. Let i be -1*(-1 - w/1). Suppose -2*x = -u - 7*x + 15, i = -5*u - 3*x + 53. List the prime factors of u.
2, 5
Let u be (1 - -1)/((-2)/(-11)). Suppose -7*r + 16 = -3*r. Let a = u - r. List the prime factors of a.
7
Let p(t) = -t - 4. Let k be p(-6). Suppose 0 = -4*b - b - 10, -k*y - 5*b - 2 = 0. Suppose y*f = 5*g + 73, -f - 2*f = 5*g - 11. List the prime factors of f.
2, 3
Let s = -2 + -1. List the prime factors of ((-3)/(s/4))/1.
2
Suppose 10*c + 21 = 1001. What are the prime factors of c?
2, 7
Suppose 9*r + 263 = 1973. List the prime factors of r.
2, 5, 19
Let l be ((-1)/2)/(6/(-36)). Suppose -l*j + 108 = 2*k, -5*j - 3*k + 0*k = -181. What are the prime factors of j?
2, 19
Let p(o) be the first derivative of -o**4 - o**3/3 - o**2 - o + 2. What are the prime factors of p(-1)?
2
Suppose 10 = j - 41. List the prime factors of 4/(-6) + j/9.
5
Let n = -9 + 16. What are the prime factors of n?
7
Let i = -77 + 99. List the prime factors of i.
2, 11
Suppose -h + 2*k - 3*k + 1 = 0, 0 = h - 2*k + 8. Let j be h + 0/(1 - 0). What are the prime factors of -1 + (-20)/j + -1?
2
Suppose -3*f + f = 52. Let w be ((-86)/8)/(2/(-8)). Let c = w + f. List the prime factors of c.
17
Suppose 0 = q - 0*q + 27. What are the prime factors of (q/45)/((-1)/15)?
3
Suppose 2*c - 28 = -5*a - 0*c, -c = -4. Suppose 2*l + 30 = a*r, -37 = -6*r + r + 3*l. What are the prime factors of r?
2
Let t = -68 + 101. List the prime factors of t.
3, 11
Suppose -114 = -2*l + 4*w, l + l = -3*w + 86. What are the prime factors of l?
7
Suppose 3 + 3 = 3*d. List the prime factors of (2 + d - 2)*2.
2
Suppose -17 = -3*b - 2. List the prime factors of 651/35 + 2/b.
19
Let j(u) = u**2 - 5*u - 2. Suppose 4*v + 0*v + 2*w - 16 = 0, -4*w = -4*v + 40. Let s be j(v). Suppose s*i - 6 - 6 = 0. What are the prime factors of i?
3
Let b(r) = 20*r + 5. Let i be b(-6). Let f be i/20*4/(-1). Suppose -6*t - 4 = -4*t, 0 = 3*h + 5*t - f. What are the prime factors of h?
11
Let a(v) = -v**2 + 12*v - 5. List the prime factors of a(4).
3
Suppose -2*w + 2 = -6. Let l be 1/(-1) - (-13 + 0). Suppose -4*x - 6 = -2*k + x, 0 = w*k + x - l. List the prime factors of k.
3
Let y(m) = m**2 + 7*m + 9. Let v be y(-8). Let j be v - ((-3 - -2) + 2). Suppose 0 = -r + j - 3. What are the prime factors of r?
13
Let t = 179 + -29. List the prime factors of t.
2, 3, 5
Let v be 3*(-10 + 8/4). Let i = v + 42. What are the prime factors of i?
2, 3
Suppose -5*m - 4*c = 137, -2*c = -4*m - c - 97. What are the prime factors of (10/m)/(2/(-70))?
2, 7
Let r = -55 + 118. What are the prime factors of r?
3, 7
Suppose -f - 40 = -123. List the prime factors of f.
83
Let a be -2*1/5*-15. Suppose -2*s + 15 = d, 11*d = 5*s + a*d - 45. What are the prime factors of s?
2
Let h be 18*(-1)/(6/(-2)). Let q = 2 + h. List the prime factors of q.
2
Let r(a) = a**2 - 5*a + 2. Let t(q) = -q**3 + 8*q**2 + 11*q - 12. Let j be t(9). List the prime factors of r(j).
2
List the prime factors of (-2 + 1/(-2))/(3/(-264)).
2, 5, 11
Let v(h) = -8*h + 7. Let b be v(-5). Suppose -b = -4*w + 29. What are the prime factors of w?
19
Let j = -6 + 3. Let u be j/(2*9/(-48)). Suppose -3*s + u = -7. List the prime factors of s.
5
Let k(d) = -d**2 - 8*d - 3. Let o be k(-5). Let q(p) = 5*p - 3. Let w(n) = 2*n - 1. Let r(g) = -3*q(g) + 8*w(g). What are the prime factors of r(o)?
13
Let c(u) = 32*u + 1. Let a be (-18)/(-14) - (-4)/(-14). What are the prime factors of c(a)?
3, 11
Let j(l) = 5*l**2 - 6*l + 10. Let p(c) = -14*c**2 + 17*c - 29. Let n(h) = -11*j(h) - 4*p(h). List the prime factors of n(4).
2, 7
Let c = 38 + 140. List the prime factors of c.
2, 89
What are the prime factors of 201/6*(-3 - -5)?
67
Suppose -2*y + 1721 = 5*d, -5*d + 1712 = 5*y - 6*y. What are the prime factors of d?
7
Suppose 3*t + q + 3*q - 20 = 0, 5*t - 25 = -5*q. Let y be (6/3 - t)/(-1). What are the prime factors of 9/6*2 - y?
5
Let a = -4 - -4. Let q(z) = -z**3 + z. Let n be q(a). Suppose l 